ctors of 2987374?
2, 13, 89, 1291
What are the prime factors of 6342021?
3, 7, 73, 197
What are the prime factors of 7691700?
2, 3, 5, 25639
List the prime factors of 24150154.
2, 7, 1725011
List the prime factors of 308755.
5, 61751
What are the prime factors of 4203941?
7, 31, 19373
What are the prime factors of 24499?
24499
List the prime factors of 453171.
3, 151057
List the prime factors of 633010.
2, 5, 7, 9043
List the prime factors of 322673.
13, 24821
What are the prime factors of 755842?
2, 31, 73, 167
List the prime factors of 631657.
13, 48589
What are the prime factors of 21499431?
3, 19, 377183
List the prime factors of 1892988.
2, 3, 52583
List the prime factors of 1072229.
1072229
What are the prime factors of 17855559?
3, 17, 12967
List the prime factors of 57938.
2, 59, 491
List the prime factors of 48217.
13, 3709
What are the prime factors of 169355?
5, 33871
What are the prime factors of 21970837?
7, 3138691
List the prime factors of 302259.
3, 53, 1901
List the prime factors of 619532.
2, 154883
List the prime factors of 25791449.
67, 349, 1103
List the prime factors of 4254186.
2, 3, 37, 19163
List the prime factors of 34643956.
2, 1997, 4337
What are the prime factors of 11515032?
2, 3, 159931
List the prime factors of 80852.
2, 17, 29, 41
List the prime factors of 120510.
2, 3, 5, 13, 103
List the prime factors of 6835246.
2, 11, 310693
List the prime factors of 6667695.
3, 5, 148171
List the prime factors of 794256.
2, 3, 16547
What are the prime factors of 663122?
2, 131, 2531
List the prime factors of 2910128.
2, 13, 17, 823
What are the prime factors of 2465244?
2, 3, 31, 47
What are the prime factors of 225795?
3, 5, 15053
List the prime factors of 191207.
367, 521
List the prime factors of 2309396.
2, 577349
What are the prime factors of 2201979?
3, 13, 131, 431
List the prime factors of 1019064.
2, 3, 42461
What are the prime factors of 993552?
2, 3, 7, 2957
List the prime factors of 35458846.
2, 89, 199207
What are the prime factors of 134914?
2, 13, 5189
What are the prime factors of 899319?
3, 29, 10337
List the prime factors of 2837927.
2837927
What are the prime factors of 8675647?
19, 456613
List the prime factors of 228628.
2, 61, 937
List the prime factors of 4619708.
2, 1154927
List the prime factors of 10797451.
7, 37, 47, 887
What are the prime factors of 4075490?
2, 5, 151, 2699
List the prime factors of 266132.
2, 66533
What are the prime factors of 126902?
2, 107, 593
What are the prime factors of 2392221?
3, 13, 61339
List the prime factors of 1146158.
2, 13, 3391
What are the prime factors of 15983465?
5, 19, 168247
List the prime factors of 83524.
2, 7, 19, 157
What are the prime factors of 921563?
921563
List the prime factors of 359168.
2, 23, 61
List the prime factors of 329967.
3, 11, 101
What are the prime factors of 3550058?
2, 31, 57259
What are the prime factors of 24490122?
2, 3, 227, 17981
What are the prime factors of 1362422?
2, 557, 1223
What are the prime factors of 425653?
425653
List the prime factors of 408474.
2, 3, 11, 2063
List the prime factors of 190940.
2, 5, 9547
List the prime factors of 470436.
2, 3, 197, 199
What are the prime factors of 299295?
3, 5, 739
What are the prime factors of 371037?
3, 337, 367
List the prime factors of 16263340.
2, 5, 813167
What are the prime factors of 9839382?
2, 3, 7, 234271
What are the prime factors of 1229159?
1229159
What are the prime factors of 78895?
5, 31, 509
What are the prime factors of 75421?
199, 379
What are the prime factors of 112733?
79, 1427
What are the prime factors of 2520079?
2520079
What are the prime factors of 271960?
2, 5, 13, 523
What are the prime factors of 197081?
17, 11593
What are the prime factors of 4381970?
2, 5, 19, 23063
What are the prime factors of 7152058?
2, 3576029
List the prime factors of 50624.
2, 7, 113
What are the prime factors of 9156397?
157, 58321
List the prime factors of 2024019.
3, 224891
List the prime factors of 2115692.
2, 383, 1381
What are the prime factors of 2792084?
2, 698021
What are the prime factors of 1808523?
3, 37, 5431
What are the prime factors of 658840?
2, 5, 7, 13, 181
List the prime factors of 473979.
3, 11, 53, 271
List the prime factors of 604642.
2, 149, 2029
What are the prime factors of 929699?
37, 25127
What are the prime factors of 411583?
411583
What are the prime factors of 20525?
5, 821
What are the prime factors of 12342?
2, 3, 11, 17
List the prime factors of 19090.
2, 5, 23, 83
List the prime factors of 6274291.
6274291
List the prime factors of 972406.
2, 486203
List the prime factors of 1116145.
5, 223229
List the prime factors of 48587.
7, 11, 631
List the prime factors of 261024.
2, 3, 2719
List the prime factors of 611930.
2, 5, 11, 5563
What are the prime factors of 298373?
298373
What are the prime factors of 275445?
3, 5, 6121
List the prime factors of 6108275.
5, 73, 3347
List the prime factors of 1008898.
2, 11, 379
What are the prime factors of 478535?
5, 95707
List the prime factors of 213763.
11, 19433
What are the prime factors of 1297530?
2, 3, 5, 13, 1109
List the prime factors of 368255.
5, 73651
List the prime factors of 742217.
7, 106031
List the prime factors of 3132239.
11, 284749
List the prime factors of 429355.
5, 43, 1997
What are the prime factors of 94034?
2, 47017
List the prime factors of 70244.
2, 17, 1033
What are the prime factors of 1033634?
2, 7, 17, 43, 101
List the prime factors of 247212.
2, 3, 7, 109
What are the prime factors of 14574636?
2, 3, 404851
What are the prime factors of 100083?
3, 73, 457
List the prime factors of 2229287.
37, 60251
List the prime factors of 12645957.
3, 4215319
List the prime factors of 534666.
2, 3, 11, 8101
List the prime factors of 78666.
2, 3, 7, 1873
List the prime factors of 185795.
5, 37159
What are the prime factors of 87972?
2, 3, 7331
What are the prime factors of 1000375?
5, 53, 151
What are the prime factors of 202402?
2, 17, 5953
What are the prime factors of 470227?
470227
List the prime factors of 1113099.
3, 13, 28541
List the prime factors of 437561.
569, 769
List the prime factors of 1331.
11
List the prime factors of 221777.
463, 479
List the prime factors of 20040711.
3, 29, 230353
What are the prime factors of 2656866?
2, 3, 257, 1723
List the prime factors of 17977922.
2, 163, 55147
What are the prime factors of 1972866?
2, 3, 7, 107, 439
List the prime factors of 11065457.
13, 359, 2371
What are the prime factors of 2656080?
2, 3, 5, 7, 17, 31
What are the prime factors of 715843?
715843
What are the prime factors of 26466?
2, 3, 11, 401
List the prime factors of 3420239.
3420239
What are the prime factors of 24781?
24781
List the prime factors of 9346298.
2, 13, 61, 71, 83
What are the prime factors of 74734?
2, 11, 43, 79
List the prime factors of 2071731.
3, 29, 23813
What are the prime factors of 112364?
2, 7, 4013
What are the prime factors of 3900255?
3, 5, 260017
List the prime factors of 144083.
149, 967
List the prime factors of 361747.
361747
What are the prime factors of 1304119?
61, 21379
List the prime factors of 3712744.
2, 7, 167, 397
What are the prime factors of 294225?
3, 5, 3923
What are the prime factors of 237570?
2, 3, 5, 7919
What are the prime factors of 3247798?
2, 281, 5779
What are the prime factors of 472229?
181, 2609
What are the prime factors of 8234423?
113, 72871
What are the prime factors of 304810?
2, 5, 11, 17, 163
List the prime factors of 6625250.
2, 5, 26501
List the prime factors of 9713035.
5, 17, 229, 499
What are the prime factors of 458303?
17, 26959
What are the prime factors of 550577?
550577
What are the prime factors of 4636013?
4636013
What are the prime factors of 19549546?
2, 73, 293, 457
List the prime factors of 4596998.
2, 7, 328357
What are the prime factors of 3480186?
2, 3, 580031
List the prime factors of 700580.
2, 5, 23, 1523
List the prime factors of 2963392.
2, 19, 2437
What are the prime factors of 1201400?
2, 5, 6007
What are the prime factors of 689311?
7, 98473
List the prime factors of 325884.
2, 3, 13, 2089
List the prime factors of 680498.
2, 7, 13, 3739
List the prime factors of 9379092.
2, 3, 53, 14747
What are the prime factors of 2088259?
2088259
What are the prime factors of 4068565?
5